. Let z = -1412 - q. Is z composite?
True
Is (561/(-34) - -16)*-378886 a composite number?
True
Let j(l) = -5760*l - 7987. Is j(-10) a composite number?
False
Let g = 35738 + 88791. Is g composite?
False
Let d be (4 + (4 - 3))*22521/15. Let n = -5346 + d. Is n a composite number?
False
Is (-1)/5 - 24090144/(-520) a prime number?
True
Let m(t) = 30*t + 20*t + 13*t + 41. Is m(10) composite?
True
Let c = 120 - 116. Suppose 0 = c*f - 11 - 1, -3 = 2*q - 5*f. Suppose -q*p + 515 = -379. Is p composite?
False
Let f(h) = h**3 + 14*h**2 - 16*h - 18. Let w be f(-15). Let i be (9/(-27))/(w/18). Suppose -i*v - 2*v = -3*l + 5211, 3*l + 2*v = 5193. Is l composite?
False
Suppose -2044 = w - 397. Let a = w + 3568. Is a a prime number?
False
Let k(w) = -7*w**2 + 2*w + 1541. Let t be 0/(5/(-30) + 10/(-12)). Is k(t) composite?
True
Suppose 2*n + 4*a = 277920, -2*n - 3*a = 7181 - 285104. Suppose 0 = -j - 5*f + 34729, -f = 4*j - 6*f - n. Is j a prime number?
True
Let q = 2854 + -966. Suppose -11*m + 3800 = 2*t - 13*m, t - 5*m = q. Is t composite?
True
Let k(m) = 16980*m**2 + 552*m - 1669. Is k(3) a composite number?
True
Let j(h) = -5483*h**2 - 5*h - 13. Let c(f) be the second derivative of 457*f**4/2 + f**3/3 + 7*f**2/2 - 27*f. Let r(p) = -7*c(p) - 4*j(p). Is r(-1) composite?
True
Is 1 + 93824/11 - 2532/(-4642) a prime number?
False
Let p = 20715 + -14746. Is p a composite number?
True
Let f = -1777042 - -2854331. Is f prime?
True
Let h be -1*4 + -8 + 10. Let s be h/(-1)*(-5)/10. Is (-9 + 755)*s/(-2) composite?
False
Suppose -2*s - 96725 - 131030 = -3*n, 5*s - 227699 = -3*n. Is n prime?
True
Let q be (-5)/(-2)*-5*54/(-225). Suppose j = 5*m - 122584, m - 4937 = q*j + 19577. Is m a prime number?
True
Let d be 13/(-3)*-1 - 4/(-6). Suppose 9936 = -0*z + 3*z + 3*y, -3*z + d*y = -9896. Is z composite?
False
Let s = -444629 + 737056. Is s a composite number?
False
Suppose 63 = 4*s - 41. Is 4 + (524 - -7)/(2/s) composite?
False
Let l = -999 + 78666. Is l a composite number?
True
Let m = -57 - -65. Suppose -4*v - 21284 = -m*v. Is v composite?
True
Let p(s) = 157*s + 1923. Is p(62) prime?
True
Suppose 63*v - 393419 = -442302 + 3077482. Is v prime?
True
Let f(z) = 4*z**2 + 4*z + 2. Let s be f(-2). Suppose -t + s*t = 23481. Is t composite?
False
Let m(u) = 865*u**3 + u**2 - u. Let a = -18 + 23. Let h be -5*a/(-5) - 4. Is m(h) a composite number?
True
Suppose f = -2*c + 20 + 7, f + c = 24. Let k be 3/7 + (-9)/f. Suppose k = -h + m + 4543, 5*h - 15657 = -3*m + 7090. Is h prime?
True
Suppose 2*m - 5*y = 50903, 3*m + 36*y - 76337 = 40*y. Is m prime?
True
Let j = -1014403 - -2060586. Is j a prime number?
True
Let x = 7667 - -1833. Let s = x - 5455. Is s prime?
False
Let z = -165 + 180. Let u(o) = -o**3 + 37*o**2 + 16*o + 17. Is u(z) composite?
True
Suppose -3929202 = -61*q + 12*q - 5*q. Is q a prime number?
True
Let z(k) = -7*k**3 - 25*k**2 - 133*k + 40. Is z(-5) a composite number?
True
Let j(u) = -183*u**3 - 4*u**2 - 13*u + 45. Let v be j(-14). Suppose 10*r + v = 53*r. Is r a prime number?
False
Let r = 11 + -8. Suppose 0 = -19*s + 60915 + 42540. Suppose r*d = s + 2724. Is d composite?
True
Let k(x) = 57*x**3 - x**2 + 2*x - 2. Let p be k(1). Let r be 20/150 - p/(-30). Is r*-403*(-3)/6 a prime number?
False
Let t = 262 + -2289. Let d = t - -4486. Is d prime?
True
Suppose 1155964 = 40*a - 1026396. Is a a prime number?
True
Suppose 105400 = c - 212139. Is c a composite number?
False
Let j(y) = -148*y + 103. Suppose -4*h = 32 - 8. Is j(h) a composite number?
False
Suppose -3*f + 10 + 5 = 0. Suppose -3*l + 5549 = d, 13 + 7 = -f*l. Is d a composite number?
True
Let b = 72294 - 15073. Is b prime?
True
Let k be 2/8 + (-21)/(-12). Suppose 100 = -43*g + 2078. Suppose r - 31 = -u, k*u - 3*u + 4*r + g = 0. Is u prime?
False
Let y(b) = b**3 - 2*b**2 - 6*b + 3. Let p be y(3). Let u be -2 + 6/(-3) - p. Suppose -4*f + 3*x + 3081 = -u*x, 0 = -f + 4*x + 773. Is f prime?
True
Let c(y) = -968*y - 221. Let i be c(-5). Suppose 2*l = -l + 5*o + i, -3*l + 2*o = -4625. Is l composite?
False
Let m = 982127 - -172382. Is m a composite number?
False
Let w(k) = 10*k**2 + 109*k + 1182. Is w(91) prime?
True
Let x = 97 + -93. Suppose 2*b - x*n = -n + 8729, -5*b - 5*n + 21760 = 0. Is b a prime number?
True
Suppose 490573 = 40*i - 335478 + 174411. Is i composite?
True
Is ((-5)/(15/(-86)))/(2/1473) a composite number?
True
Let q(f) = -2938*f - 861. Is q(-13) a prime number?
False
Let j be ((35/(-14))/5)/(1/(-6)). Is 15/j - (-4 - 4192) prime?
True
Let s(n) = 7822*n**3 - 2*n**2 - 2*n + 1. Let i be s(2). Is 1/((-5)/i*-3) prime?
False
Suppose 5*r - 293264 = -3*o, 0 = 5*r - 3*o - 100531 - 192775. Is r prime?
True
Is (-1 - 128901/(-4))*16/4 prime?
False
Let c = -147244 - -218877. Is c composite?
False
Let l(z) = 2*z**2 - 37*z - 20. Let k(t) = -14*t - 2. Let u be k(-2). Let m be l(u). Suppose -21*g + m = -19*g. Is g composite?
True
Let r = 58661 - 36082. Is r a composite number?
True
Suppose -10*x + 43 = 23. Is 0 - (x + 1) - -3112 prime?
True
Let s be ((1324 + 8)/6)/(4/42). Let y = 214 + s. Is y prime?
False
Suppose -55365686 = 177*o - 346488737. Is o a prime number?
False
Let w(n) = 5*n**3 - 13*n**2 - 20*n + 15. Let a(c) = 14*c**3 - 38*c**2 - 59*c + 44. Let z(d) = 4*a(d) - 11*w(d). Let y = 41 - 29. Is z(y) a composite number?
False
Let t(f) = f**3 - 3*f**2 - 11*f + 28. Let g be t(4). Suppose g = -34*p + 50159 - 15785. Is p a composite number?
True
Let m be 1/1*(16/(-2))/(-2). Suppose 0 = m*a + 16, 4*k + 0*k + 4*a = -40. Is 2*k/20 + (-6336)/(-10) a composite number?
True
Suppose -831132 - 501566 = -38*n. Is n composite?
True
Suppose -3*c - 72 = -12*c. Suppose 10*h = -c*h + 279810. Is h a composite number?
True
Is (448/3 - 5)/((-17)/(-2703)) a composite number?
True
Let k(n) = -38*n + 2659. Is k(19) prime?
False
Let r(p) be the third derivative of 137*p**6/120 - p**5/6 + 7*p**4/6 - p**3/2 + 3*p**2 + 19. Is r(4) a composite number?
True
Let z(v) = 2*v - 3 - 3 - 20 + 0*v. Let g be z(15). Suppose 0 = -w + g*w - 1227. Is w a prime number?
True
Let s = 669 - 238. Suppose 7*h = 955 + s. Let o = 217 + h. Is o a composite number?
True
Suppose -895*x = 5*k - 899*x - 1131537, -2*x + 226285 = k. Is k prime?
False
Suppose -3*j - 7*j + 24580 = 0. Suppose -d + 2*d - 4925 = -2*m, -j = -m - 5*d. Is m a prime number?
False
Let p = 171 + -173. Is (1 + p)*(-276*14 - -1) a composite number?
False
Suppose 266*o - 3537910 = -4*r + 264*o, -4*o - 4422381 = -5*r. Is r a prime number?
False
Let w(v) = 21*v**3 - 5*v**2 + 2*v + 1. Let m = 28 + -21. Let p(h) = 2*h - 11. Let n be p(m). Is w(n) a composite number?
True
Suppose 3*l + 9 = 3*h, -l - 3*h - 2*h = 21. Let t(v) = -v**3 - 5*v**2 + 5*v - 2. Let g be t(l). Suppose -1550 - 126 = -g*o. Is o prime?
True
Let z = -82 + 59. Let y = z - -25. Is (y - 1) + (22386/(-3))/(-7) a prime number?
False
Let m be (-2)/4 - (-5 + 91/14). Is (6/(-9))/((-9)/((-4833)/m)) a composite number?
False
Let z(a) = a**2 + 11*a - 8. Suppose 55 = 3*d + 19. Suppose -c + 11 = 5*q, -4*q + d + 8 = 0. Is z(c) a composite number?
True
Suppose -3128114 = 21047*k - 21069*k. Is k a prime number?
False
Suppose -188*r + 139621 = -145*r. Is r composite?
True
Let y be 0*(-10)/(-50) - (6749 + 1). Let j = -3527 - y. Is j a composite number?
True
Is (((-17492)/8)/(9/(-342)))/1 prime?
False
Suppose -94*o = -2372620 - 1781710. Is o composite?
True
Let p be (12/(-18))/((-2)/93). Let g = p - 35. Is (3810/8)/(-5)*g a prime number?
False
Suppose -48*k + 53*k - 80 = 0. Let c = 933 - k. Is c prime?
False
Let t = 21569 - 728. Is t a composite number?
True
Let i(p) = -p**3 - 20*p**2 + 20*p - 49. Let t be i(-21). Let l = 673 + t. Let z = 208 + l. Is z composite?
False
Let o be (5 - (-20)/(-8))/((-2)/4). Is o + (-132)/(-28) - 18848/(-14) a prime number?
False
Suppose 21*s - 18*s = 3, 0 = 5*a + 2*s - 438237. Suppose 0 = 21*u - 2*u - a. Is u a prime number?
False
Let j = -40 + 43. Let g be 3 + j/((-9)/(-17520)). Suppose 5*h = 2*k + 4234 + g, h + 5*k - 2037 = 0. Is h composite?
False
Suppose 3*r + r = 5*c - 20, 0 = -c + r + 5. Let a be -4 + (-3 + 32 - -2). Suppose -d + 228 - a = c. Is d a composite number?
True
Is (-145448)/6*(-210)/40 composite?
True
Suppose 5*g - 1270091 + 331936 = 0. Is g composite?
False
Let i(f) be the third derivative of f**6/120